 = -339. What is the highest common divisor of 12 and b?
12
Suppose 78 = 713*b - 710*b. Let x be (6/15)/(1/520). What is the greatest common factor of x and b?
26
Let k be ((-19)/(-3))/(0 - 1/(-3)). What is the highest common factor of k and 19?
19
Suppose -k + 8 + 5 = 0. Suppose 4*c - 4*f = 19 + 641, -2*c - 3*f + 345 = 0. Suppose -4*y = -c - 248. What is the highest common divisor of k and y?
13
Suppose 0 + 10 = q. Let y(u) be the second derivative of -3*u**3/2 - 2*u**2 - 8*u. Let f be y(-6). Calculate the highest common divisor of f and q.
10
Let m be (-7)/(2*(1 - 5/4)). What is the highest common factor of 70 and m?
14
Let i be (0*4/12)/2. Suppose 4*k - 3*p = 5*k - 85, i = 5*k - 3*p - 443. Calculate the highest common factor of 11 and k.
11
Suppose 5*s + 13 = -l + 534, -295 = -3*s - 5*l. Let o = -75 + s. Calculate the highest common factor of 270 and o.
30
Let t = 109 + -74. What is the greatest common factor of t and 385?
35
Let a(t) = 2*t**2 + 14*t + 1. Let x be a(-12). What is the highest common factor of x and 11?
11
Suppose -6*z + 4*z = -54. Suppose -135 + 55 = -5*c. Let d = 19 - c. Calculate the greatest common divisor of z and d.
3
Suppose m - 14 + 12 = 0. Suppose -4*t + 7 = 3*x, 3*t + m*x = 6*x - 1. What is the highest common factor of t and 7?
1
Let j be 3 + 33/(-9) - (-4313)/57. What is the greatest common factor of 600 and j?
75
Let s(o) = o**3 + 5*o**2 - 14*o + 8. Let r be s(-4). What is the highest common factor of 5 and r?
5
Let m = 53 - 35. Suppose -2*w - w = -m. Let f be 50/15 - 2/6. Calculate the highest common factor of w and f.
3
Suppose -11*z + 7*z = -40. What is the greatest common factor of 80 and z?
10
Let r(i) = -i**2 - 5*i - 4. Let z be r(-4). Suppose h + 2*h + 60 = z. Let m = -15 - h. What is the highest common divisor of m and 20?
5
Let t = 1170 - 978. Let o = -43 + 67. Calculate the greatest common factor of o and t.
24
Suppose -2*t - 90 = -11*t. Let u = -5 + 1. Let l be (-10)/u*(1 - -3). Calculate the highest common factor of t and l.
10
Suppose -2 = -3*n + 88. Let j be (-68)/(-20) - (-4)/(-10). Suppose 17 = j*c - 19. What is the greatest common factor of n and c?
6
Suppose -6*n + 5*n = 50. Let d be -2 + (1 - n/2). What is the highest common factor of 60 and d?
12
Let v(i) = 2*i. Let k be v(1). Suppose k*b + 4 - 60 = 0. Calculate the highest common divisor of b and 4.
4
Let b = -448 - -455. Let c = -2 + 3. What is the greatest common divisor of c and b?
1
Suppose 3*t - 4 = -1. Suppose -t = v - 3. Let z be 1448/12 - v/(-6). What is the highest common factor of 11 and z?
11
Let s = 234 + -108. What is the greatest common divisor of s and 36?
18
Suppose 3*b - 36 = 6. Let x = -125 - -195. What is the greatest common divisor of b and x?
14
Suppose -b - 6 = 4. Let s be 2*(-10)/(-4)*-5. Let n be (-4)/b + (-90)/s. What is the highest common factor of n and 12?
4
Let a(l) = -2*l**2. Let i be a(2). Let r = 57 + i. Let y be (-14)/r + (-618)/(-7). Calculate the highest common divisor of y and 8.
8
Let s = -3 + 4. Let j(t) = 4*t**3 + 1. Let k be j(s). Suppose -28 = -k*d + 22. What is the greatest common divisor of 15 and d?
5
Suppose 3*k - 256 = -k. Suppose 5*b - 3*l - 604 = -k, -216 = -2*b + 2*l. Calculate the greatest common factor of b and 12.
12
Let w be (-604)/10*(-46 - -41). Calculate the greatest common factor of w and 2.
2
Suppose 0 = 4*t + 4, -10 = m - 0*t + 2*t. Suppose 0 = 3*o - 2*s - 77, 0 = 4*o - 4*s - 0*s - 108. Let d = m + o. What is the greatest common divisor of 6 and d?
3
Let g(z) = -45*z**3. Let n be g(-1). Let s be ((-486)/n)/((-4)/10). Calculate the greatest common factor of 108 and s.
27
Let l = 149 - 23. Calculate the greatest common divisor of 36 and l.
18
Let k = 9 - 6. Suppose -q + 12 = -k. Calculate the greatest common factor of q and 75.
15
Suppose 47 = 18*v - 61. Calculate the greatest common factor of 258 and v.
6
Suppose 358 = 3*j - 3*a + 8*a, 5*j - 622 = -2*a. What is the highest common factor of 210 and j?
42
Let f be ((-130)/(-52))/((-2)/(-8)). Let m = -5 + 9. What is the highest common divisor of m and f?
2
Let l(o) = -18*o + 36. Let u be l(-14). Suppose 49*j - 46*j = u. Calculate the greatest common factor of j and 12.
12
Let a = -22 + -133. Let d = -87 - a. Calculate the highest common factor of 17 and d.
17
Let u(x) = x**3 + 6*x**2 - x + 5. Let v be u(2). What is the highest common factor of 21 and v?
7
Suppose 3*m - 7*m + 336 = 0. What is the greatest common divisor of 24 and m?
12
Let f(k) = 4*k**2 + 113*k - 9. Let q be f(9). Calculate the highest common factor of q and 72.
36
Let t = -1085 - -1493. What is the greatest common factor of 51 and t?
51
Let r(k) = 2*k**2 - k - 17. Let h be r(-11). What is the greatest common divisor of 59 and h?
59
Suppose -4*b + 705 = 93. Suppose 49*z = 48*z + 6. Suppose w = z*w - 85. What is the highest common divisor of b and w?
17
Suppose 4*c - 4*a = -205 + 877, -3*c - 3*a + 504 = 0. Calculate the highest common factor of c and 196.
28
Let w = 407 - 398. Calculate the highest common factor of w and 5.
1
Let w be (5 - -99) + (3 - 8/4). Let u = w - 78. Calculate the greatest common divisor of u and 135.
27
Suppose 5*a - 265 = -5*l, -2*l + 4*a = -108 + 32. Suppose -l = -j - 2*j - 4*x, 2*j - 4*x - 32 = 0. Calculate the greatest common divisor of 128 and j.
16
Let b be 1 - (-153 + (1 - 1)). Let t(l) = l**2 + 9*l + 14. Suppose -8*n + 4*n - 36 = 0. Let i be t(n). Calculate the highest common factor of b and i.
14
Suppose -4*u - 4*m = -132, 5*m = 2*u + 4*m - 63. Calculate the highest common factor of 2 and u.
2
Suppose -4*h - 5*i = -168, 5*h - 3*i + 252 = 11*h. Calculate the greatest common divisor of 15 and h.
3
Suppose -12*z + 41*z - 14848 = 0. Calculate the highest common divisor of 48 and z.
16
Let v be (-10)/(-14) + -1 - 396/84. Let y(w) = -w**3 - 6*w**2 - 7*w - 2. Let t be y(v). Calculate the highest common factor of 20 and t.
4
Let v(q) = -2*q + 24. Let o(j) = j**3 + 7*j**2 + 11*j + 4. Let t be o(-4). Let n be v(t). Calculate the greatest common divisor of n and 40.
8
Let u be (2 - 6) + 1350/9 + 1. What is the highest common factor of 42 and u?
21
Let w be -6 + 11 - 2/2. Let g be 572/(-39)*(-6)/w. Let x be 8/(-4*(-1)/g). Calculate the highest common factor of x and 4.
4
Suppose -1078 = 59*y - 70*y. Calculate the greatest common divisor of y and 28.
14
Let b(l) = 2*l**2 + 40*l + 10. Let u be b(-20). Calculate the highest common divisor of u and 95.
5
Let o(p) = -4*p**2 - 30*p. Let c(s) = 6*s**2 + 45*s. Let j(v) = 5*c(v) + 7*o(v). Let q be j(-8). What is the greatest common factor of q and 8?
8
Let r be 26*((-228)/(-216) + 4/9). Let y be (-2)/8 - (-6)/(-8). Let h be (y + -1)*52/(-8). What is the highest common factor of h and r?
13
Suppose -6*u + 310 = -u. Suppose -3*k - 45 + 138 = 0. What is the highest common divisor of u and k?
31
Let r(t) = t**3 - 12*t**2 - 11*t + 1. Let w be (-12)/8*(-58)/3. Let j = -16 + w. Let f be r(j). What is the greatest common divisor of 189 and f?
27
Let r = -757 - -869. Calculate the highest common divisor of 3248 and r.
112
Let f be 2 + -5 - (3 - 9). Let p be f*((-12)/9 + 0). Let t be (-32)/2*1*p. Calculate the highest common divisor of t and 8.
8
Let t be 6266/12 + 59/(-354). Calculate the greatest common factor of t and 36.
18
Let c(k) = -2*k**2 + 5*k + 9. Let l be c(5). Suppose -2*s + 4*s - 90 = 3*t, 4*t + 120 = -4*s. Let o = l - t. Calculate the greatest common divisor of 98 and o.
14
Suppose -2*r - 405 = -3*g, -g + 3*r = -2*g + 124. Let f = -78 + g. Suppose 54 = 2*i - w - w, -2*i = 3*w - 29. Calculate the highest common factor of f and i.
11
Suppose 0*z + 5*z + 30 = 0. Suppose -20 = 14*n - 9*n. Let p be (n/z)/(18/189). What is the greatest common divisor of p and 63?
7
Suppose 3*u - 5*w = -35 + 95, -15 = -2*u - 5*w. What is the highest common divisor of 102 and u?
3
Let w(i) = i**3 + 14*i**2 + 26*i - 45. Let p be w(-11). What is the greatest common factor of 2 and p?
2
Let m(q) = -q**2 + 12*q + 744. Let b be m(0). Calculate the greatest common factor of 24 and b.
24
Suppose 41 + 39 = -2*m. Let z = m - -63. Let w = -21 + z. What is the greatest common factor of 14 and w?
2
Suppose 0*u - 3*u - 5*l + 5697 = 0, -u + 3*l + 1899 = 0. What is the highest common divisor of 9 and u?
9
Suppose i + 324 - 412 = 0. What is the